= 46*k + 6. Let d(h) = -6*f(h) - 11*m(h). Determine d(-5).
2
Let k(j) be the first derivative of 5*j**2 + 72 + 3*j**2 - 59. Give k(-1).
-16
Let m(s) = s**2 + 3*s. Let u(x) = -2*x**2 - 3*x. Let c(i) = -5*m(i) - 6*u(i). Let r be c(-1). Let f(v) = 4*v - 3 + 0 + 1. Give f(r).
14
Let g(p) = -2*p + 3. Let r = -4 + -1. Let t(h) be the second derivative of -h**3/6 - h**2/2 - 13*h. Let q be t(r). Determine g(q).
-5
Let z(h) = -h**3 + 7*h**2 - 4*h - 8. Let w be z(6). Suppose -w*m - m = -20. Let q(a) = -m*a + 3*a + 1 + 5*a + a**2 - a. Calculate q(-5).
11
Suppose 6 = -5*l - 24. Let o(m) = 4*m**2 + 302 + 2*m**2 + m**3 - 159 - 151. Calculate o(l).
-8
Let b(o) = -o**3 - o**2 + 8*o - 2. Let s(m) = -m**2 + m - 1. Let n(h) = -b(h) + 4*s(h). Suppose 0 = -4*j + 59 - 11. Suppose -3*p + j = -0*p. Give n(p).
-2
Let f(h) = 10 - 16 + 3 - h + 1. Determine f(-5).
3
Let r(x) = 7*x**2 - x - 1. Suppose -5*y + 2 = 4*s + 12, 0 = 3*y + 5*s + 19. Let n(a) = -3*a**2 + 1. Let t(m) = y*r(m) + 5*n(m). What is t(-3)?
0
Let l = -11 + 6. Let u(v) = -236 + 237 + v - 2*v. Determine u(l).
6
Let y(u) = 11422*u**2 - 11415*u**2 + 9*u + u**3 - 2*u**3 - 2. Determine y(8).
6
Let f(p) = -4*p**2 + 3*p - 6. Let k be f(3). Let h = k - -38. Let m(a) = -a**2 + a + 3. Give m(h).
-17
Suppose 318*d = 326*d + 16. Let m(n) = -8*n - 1. Give m(d).
15
Let m(w) be the second derivative of w**4/12 - 11*w**3/6 + 7*w**2 - 2*w + 17. Determine m(9).
-4
Let f(n) be the second derivative of n**3/3 - n**2 - 9*n. Let c = -21 + 19. Determine f(c).
-6
Suppose 3 = 3*d, 0*d = -5*r + 2*d + 118. Let s be 1/5 + r/5. Let l(a) = -2*a**2 - 2. Let z(y) = 12*y**2 - 8*y + 13. Let x(u) = 5*l(u) + z(u). What is x(s)?
13
Let y = 113 - 110. Let n(d) = -d**3 + 5*d**2 - 4*d. Give n(y).
6
Let w(l) = -9*l - 3. Suppose 382 = 3*g + 388. Give w(g).
15
Let s(f) = -5*f - 27. Let g be s(-8). Let y(m) = 12*m + 3 - 7 - g*m. Determine y(3).
-7
Let t(c) be the second derivative of -c**5/20 + c**4/2 - c**3/2 + 3*c. Let q(v) = v**2 - v - 1. Let b(i) = -3*q(i) + t(i). Calculate b(3).
3
Suppose y + 8 = 4*k, 2 = 3*k - 2*k. Let t(u) be the third derivative of u**6/120 + u**5/60 + u**4/24 - 5*u**3/6 - 23*u**2. Determine t(y).
-5
Let h(u) = -4*u**3 + 16*u**2 - 6*u + 2. Let s(a) = 3*a**3 - 15*a**2 + 5*a - 2. Let x(f) = 4*h(f) + 5*s(f). Give x(-11).
-13
Let v(m) be the first derivative of -m**3/6 + 12*m + 20. Let f(b) be the first derivative of v(b). Give f(-7).
7
Let k(z) = -1. Let u(a) = 3*a + 17. Let r(g) = 5*k(g) + u(g). Calculate r(-11).
-21
Let w(b) = b**2 + 6*b. Let k be -3 - (5 - (8 - 7)). Calculate w(k).
7
Suppose -4*l + 14 = 3*l. Suppose i + 10 = -4*i, 4*f + l = 5*i. Let c(a) = 2*a**2 + 3*a + 1. Determine c(f).
10
Let l(z) be the first derivative of z**3/3 + 5*z**2/2 - 7*z - 22. Give l(-5).
-7
Let x(r) = 7*r - 18. Let u(c) = -c. Let w(y) = -6*u(y) - x(y). Let z be (1 + -1)/4*-1. What is w(z)?
18
Let b(a) = -a**2 + 5*a - 2. Let j be 6*(-1 - 3/(-2)). Suppose 3*f + 4*c = c + 60, 0 = -c - 1. Suppose 2*r - 12 = 2*l, -5*r + j*l + f = l. Calculate b(r).
4
Let k(z) = 786*z**2 + 2*z - 1 - 786*z**2 + 2*z**3. Determine k(1).
3
Suppose 1459 - 1451 = 2*z. Let q(g) be the second derivative of -1/12*g**z - 5/6*g**3 - 6*g - g**2 + 0. Calculate q(-3).
4
Suppose 5*q - 6*q - 2 = 0. Let c(b) = b. Suppose -4*g - 4 = -0. Let w(z) = -z**3 + 6*z + 3. Let a(m) = g*w(m) + 3*c(m). Determine a(q).
-5
Let f(i) = 5*i**3 + 8*i**2 - 2. Let r(z) = 11*z**3 + 17*z**2 - 5. Let t(x) = -9*f(x) + 4*r(x). What is t(-4)?
-2
Let l = -224 + 227. Let c(x) = 4*x - 11. What is c(l)?
1
Let l(z) be the first derivative of 8*z**3/3 - 4*z**2 - 5*z + 13. Let q(y) = -3*y**2 + 3*y + 2. Let s(r) = -4*l(r) - 11*q(r). Determine s(-4).
18
Suppose 3*m + 0*m - 6 = 0. Let d(o) = -6*o**2 + m*o + 3 + 9*o**2 - 4*o**2. Give d(-3).
-12
Let c(b) = -b**3 + 2*b**2 + 3*b + 2. Suppose -5*w + u = 11, 2*w - 5*w - 3*u = 3. Let l be ((-2)/6)/(w/18). Give c(l).
2
Suppose 8*z + 45 = 4*l + 3*z, 3*z = -15. Let y(h) = 2 + 8*h - 4*h - l*h. Calculate y(5).
-3
Suppose 9*z + 33 = -3. Let f(y) = 4*y + 10. Let h(g) be the third derivative of g**4/3 + 19*g**3/6 + 2*g**2. Let c(m) = z*h(m) + 7*f(m). Give c(-5).
14
Let s(w) = 8*w + 44. Let i(o) = -9*o - 49. Let b(l) = 6*i(l) + 7*s(l). Give b(-6).
2
Let s(n) = -n**2 - 6*n + 1. Let i be (21/6)/(2/36). Suppose -2*k = -3*r + i, -k - 3*r = 4*k + 210. Let q be 26/k + (-19)/3. Determine s(q).
-6
Suppose -1448 + 1462 = -j. Let k(p) = -p - 10. Determine k(j).
4
Let n(o) = -3*o**2 + o. Let r(k) = -k**3 - 4*k**2 - 4*k - 4. Suppose s + 1 - 2 = c, 14 = -2*c - 4*s. Let b be r(c). What is n(b)?
-4
Let j(n) = 6 + n + n**3 - 1 + 5*n**2 - 2. Suppose -10*x - 4 = 56. Let a be 8/4 + -4 + (x - -3). What is j(a)?
-2
Suppose 3*w + 50 = 59. Suppose 0 = -4*j + 4*j + w*j. Let p(m) = -m**2 - m - 7. What is p(j)?
-7
Let p(m) = 3*m + 21. Let s = 415 + -420. What is p(s)?
6
Let k(l) = -53*l + 28*l + 35*l + 1. Let x(r) = -r**3 - 3*r**2 + 3. Let o be x(-3). Suppose o*f + 4*s + 11 + 6 = 0, f = -3*s - 14. Determine k(f).
11
Suppose -4*o + o + 12 = 0. Let b be ((-88)/(-20) - o)*5. Let s(t) = -2*t**2 - 23 + t**b + 17 + 6*t. Calculate s(6).
-6
Let t = -281 + 277. Let g(l) = l**3 + 6*l**2 + 3*l - 5. Calculate g(t).
15
Let t(c) = -42*c + 258. Let b be t(6). Let m(h) = 3*h - 8. What is m(b)?
10
Let m(z) = z**3 - 4*z**2 + 3*z - 6. Suppose 3*b = -b. Suppose -7*d + 10*d - 12 = b. What is m(d)?
6
Let o(i) = i**2 - 2*i. Let h(n) = -4*n**2 + 0 - 18*n**2 - 1 + 3*n**2. Let b be h(-1). Let z = b + 22. What is o(z)?
0
Let d(b) = 2*b**3 + b**2 - 12*b - 3. Let k be d(0). Let y(i) = -2*i**2 + 2*i + 10. What is y(k)?
-14
Let t(i) be the third derivative of i**5/60 + i**4/24 + 10*i**3/3 + 316*i**2. Calculate t(0).
20
Let k(r) = 0*r**3 - r**3 + 2*r**3 + 2 + 8*r - 2*r**2 + 4*r - 10*r. Calculate k(2).
6
Let y = -55 + 57. Let r(x) = -x**y + 10*x - 4 + 0*x**2 - 8. Calculate r(8).
4
Let m = -7 - -9. Let h(d) = 2*d - d**3 + 0*d + m - 9*d**2 + 12*d**2. Calculate h(4).
-6
Let i(v) = 9*v - 9. Let n(g) = -g. Let l(o) = -15*o + 14. Let h(f) = -l(f) + 2*n(f). Let j(p) = -5*h(p) + 7*i(p). Give j(6).
-5
Let k(j) be the second derivative of j**4/6 - j**3 + j**2 - 2*j + 132. Let v = 7 + -3. Give k(v).
10
Let m be 0 + -2 - -3 - 16. Let l(f) = f + 12. Let b be l(m). Let u(h) be the second derivative of h**5/20 + h**4/3 + h**3/6 - h**2 + 2*h. Give u(b).
4
Let q(d) = -3*d - 18. Suppose 4*g = 2*h, -4*g = 2*h - h + 6. Let z(w) = -5*w + 10*w - 9 + 3 - 6*w. Let t(u) = h*q(u) + 7*z(u). Determine t(-4).
-2
Let n = -1519 - -1523. Let t(s) = -s**3 + 4*s**2 - 3*s + 5. What is t(n)?
-7
Let n(g) = 9 + 5*g**2 + 10*g**2 - 28*g**2 + 14*g**2 + 8*g. Give n(-8).
9
Let y(v) = 3*v + 10. Let p(a) = -3*a - 8. Let r(n) = -3*p(n) - 2*y(n). Give r(-5).
-11
Suppose 0 = -y - y. Let a(t) be the first derivative of -t**3/6 + 5*t**2 + 15*t + 12. Let g(l) be the first derivative of a(l). Calculate g(y).
10
Let t(r) be the third derivative of -r**6/120 - r**5/15 - r**4/24 - r**3/3 + 14*r**2 + 2*r. Determine t(-4).
2
Let r(l) = -l**2 - 7*l - 3. Let f be r(-6). Let i = 5 + f. Let n(q) = q**2 - 6*q - 11. Determine n(i).
5
Let s(m) = m - 11 + 4*m - 8*m + 9. What is s(5)?
-17
Let f = 5 - 8. Let s(d) = 174 - 2*d**2 - 40 - d - 132. Give s(f).
-13
Suppose 5*n - 2*n = 0. Suppose n = 4*p - 2*p - 2. Let u(l) = -4*l**3 + l**2 - 3*l - 4. Let c(q) = -q**3 + q + 1. Let r(f) = -3*c(f) - u(f). Give r(p).
7
Let z(h) = -1 - 15 + h**3 - 7557*h**2 + 7576*h**2 - 21*h. What is z(-20)?
4
Suppose 0 = 3*t - 5*g - 15, -5*t + 0*t + 25 = 2*g. Let n(o) = -o**3 - 7*o**2 + 9*o + 12. Let u be n(-8). Let y = u - t. Let j(r) = -5*r - 1. What is j(y)?
4
Let z(n) = 0 - 5*n**2 - 24*n + 29*n + 4*n**2 - 4. Let m(x) = -x**3 - 10*x**2 + x + 9. Let v be m(-10). Let w be 10*v/(-4)*2. Calculate z(w).
-4
Let h(z) = -z**3 - 5*z**2 + 7*z + 4. Suppose 0 = -2*p + 6 - 18. Let l be h(p). Let a(r) = 2*r**2. Give a(l).
8
Let k(r) = -2*r + 17 + 11 + 12 + 12 - 54. Let p(i) = 2*i - 4. Let z be p(5). Calculate k(z).
-14
Let m(s) be the third derivative of 11*s**4/24 + s**3/6 - 3026*s**2. Let o be (4/(-6))/((-2)/3). What is m(o)?
12
Let w(s) = 2*s. Let k(y) = 3*y. Let j(a) = 3*k(a) - 4*w(a). Suppose 5*u = -0 + 10. Suppose -3*z - 4 = z, 0 = x + u*z - 4. Determine j(x).
6
Suppose -3*i + 2 = -i. Let p(s) = 3704*s**3 + 2*s**2 - s - 3711*s**3 - 2